pose -3652 = -r + 2*p, 4*r + 4*p - 6758 = 7838. What are the prime factors of r?
2, 5, 73
Let x(l) be the first derivative of 13*l**2/2 + 59*l - 6. Let h(o) = 27*o + 119. Let v(b) = 2*h(b) - 5*x(b). What are the prime factors of v(-19)?
2, 19
Suppose 0 = -5*k + 2*c - 48, -2*c - 51 = 5*k - c. Let y(i) = -18 + i**3 - 3*i - 5 + 11*i**2 + 18. What are the prime factors of y(k)?
5
Suppose -1578*q + 1536*q = -2144310. What are the prime factors of q?
5, 10211
Let n(f) = 5*f**2 - 17*f - 35. Let q(s) = 10*s**2 - 32*s - 69. Let x(k) = -5*n(k) + 3*q(k). What are the prime factors of x(11)?
2, 113
What are the prime factors of (-59487)/(-6) + (10/(-20))/(-1)?
3, 5, 661
List the prime factors of ((-1967787)/(-54))/(2*2/8).
31, 2351
Suppose -67 = -4*c - 55. Suppose m = 3*u + 5*m - 2693, 901 = u + c*m. What are the prime factors of u?
5, 179
Let p be (-119 - -3)/(-1*(-1)/7). Let c(v) = -v**2 + v + 3. Let x be c(0). What are the prime factors of 12/9 - p/x?
2, 17
Let s = 205 - -274. Let f = s - 285. What are the prime factors of f?
2, 97
Let r(l) = 5*l - 24. Let m be r(6). Suppose -4*p + 5*f + m = 4, -2*f = -2*p + 2. Suppose -5*u + 169 = 3*b, p*u + 3 = -0*u. What are the prime factors of b?
2, 29
Let x(j) = -2486*j + 6789. List the prime factors of x(-7).
17, 1423
Let a(r) = 4*r - 20. Let b be a(7). What are the prime factors of -4*(4/(-12))/(b/210)?
5, 7
Let k(b) = -b - 4. Let r be k(-6). Suppose -10 - 185 = -r*h - 3*o, 2*o = -3*h + 285. List the prime factors of h.
3, 31
Let r(o) = 417*o - 1. Let s be r(-1). Suppose -119*j - 207 = -50*j. What are the prime factors of j/(-2) - s/4?
2, 53
Let f(n) = 2*n**2 + 7*n - 28. Let m(g) = 2*g**2 + 18*g - 13. Let a be m(-9). Let z be f(a). Let c = -126 + z. What are the prime factors of c?
3, 31
Let p = -213 - -136. Let s = p + 82. Suppose 4*d + 5*a - 19 = 0, -4*d - 3*a + 16 = -s. What are the prime factors of d?
2, 3
Let n(r) = 70*r**2 + 4*r - 55. What are the prime factors of n(-6)?
2441
Let i = -27 - -317. Let o = i - 79. What are the prime factors of o?
211
Let a = -208 + 1022. Let c = a - 467. What are the prime factors of c?
347
Let c(f) = -9 - 2*f + 16*f**2 + 4*f**2 - 2*f**2. Let s = 1632 - 1634. What are the prime factors of c(s)?
67
Suppose 12765 = 17*y - 3606. Suppose -5*s + 757 + y = 0. List the prime factors of s.
2, 43
Let p(c) = 12*c - 190. Let x be p(15). List the prime factors of 285/x*48/(1 + -5).
2, 3, 19
Suppose 477 = -3*y + 2*g - 517, -6 = -3*g. Let d = y - -376. What are the prime factors of d?
2, 23
Let z = 103 - 88. Suppose -5*i + 3*n + z = 0, -7*i = -3*i + 2*n + 10. Suppose i = -c + 2*x + 64, 320 = 5*c - 2*x + x. List the prime factors of c.
2
Suppose -7 = -36*a + 37*a. Let n(w) = -2*w**3 - 4*w**2 + w - 5. What are the prime factors of n(a)?
2, 239
List the prime factors of 970*29/10*(15 + -10).
5, 29, 97
Suppose -873*c + 361*c + 403258 = -22073542. List the prime factors of c.
2, 5, 439
Let q = -4 - -9. Suppose 0 = 3*z - q*z - 10. Let y(w) = w**3 + 6*w**2 - 2*w + 8. What are the prime factors of y(z)?
43
Suppose 2*m = 5*y - 1 + 7, -2*y = -3*m + 9. Let c(v) = 3*v**3 - 2*v**2 - 7*v**3 + 8*v - 3*v + 3*v**m - 10. List the prime factors of c(-5).
2, 5
What are the prime factors of (-7)/((-154)/3920565)*18/45?
3, 23761
Suppose -3*p = -4*f - 125, -127 = -3*p - f + 3*f. Let c = 16 + p. Let s = c + 54. List the prime factors of s.
113
Suppose -180*u = -194*u + 115835 + 50121. List the prime factors of u.
2, 5927
Suppose 154 = -5*z - 31. List the prime factors of z/(-185) - 5874/(-5).
5, 47
Suppose -12*h + 780 = -2940. Suppose x - h = -r - 2*r, 4*x + 305 = 3*r. List the prime factors of r.
103
Let m be (64/(-24))/((-6)/9). What are the prime factors of m/12 - -393*60/54?
19, 23
What are the prime factors of (391/(-51) - -8) + 168304/6?
28051
Let m(l) = -2*l**3 - l**2 - l - 1 - 23*l**3 + 21*l**3. What are the prime factors of m(-6)?
7, 17
Let p = 19493 + -10166. What are the prime factors of p?
3, 3109
Suppose 0 = p - 2*i - 5587, 42*p - 46*p + 3*i = -22378. What are the prime factors of p?
11, 509
Let n = -2485 - -5075. Suppose 17346 + n = 32*b. List the prime factors of b.
7, 89
Let s be (1 + -8)/(2 + -3). Suppose -s*j + 1128 = -j. Let w = 325 - j. List the prime factors of w.
137
Let p be (6/(-2))/(-2*(-6)/(-324)). Let v = 805 + p. List the prime factors of v.
2, 443
Let w = 70345 + -42040. What are the prime factors of w?
3, 5, 17, 37
Let l be (-8)/(-6)*((-231)/14)/11. Let w be l/(-3)*(18/(-4))/1. Let t(h) = -57*h - 5. List the prime factors of t(w).
2, 83
Let z = 40 + 75. Let r = z + -110. Suppose -5*p - 11 = -2*j + 173, r*p = -j + 62. What are the prime factors of j?
2, 41
What are the prime factors of (393 - 54/(-9))*1080/63?
2, 3, 5, 19
Suppose 2*l + 75 = 19. Let s(c) = 2*c**2 + 40*c - 2. What are the prime factors of s(l)?
2, 223
Let f = -15143 + 16114. List the prime factors of f.
971
Suppose 5*j - 5 - 30 = 0, 5*r - 4*j - 112782 = 0. What are the prime factors of r?
2, 29, 389
Let r = 54 + -9. Let f(c) = 13*c - 6 + 2 - r. List the prime factors of f(12).
107
Let a be ((-108)/(-16))/(((-4)/(-144))/(-1)). Let f be (8/(-6))/((-2)/a + 0). Let g = -106 - f. List the prime factors of g.
2, 7
Suppose -4*b = 3*l - 23, 0 = -5*l - 734*b + 731*b + 53. Let y be (2*-1)/((-2)/7). Let j = l - y. What are the prime factors of j?
2, 3
Let w(a) = a**3 + 23*a**2 + 20*a - 41. Let r be w(-22). Let g be r*((-12)/9 - -3). Suppose -g*x + 414 - 9 = 0. What are the prime factors of x?
3
Let u(f) = 35*f**2 + 223*f + 85. List the prime factors of u(22).
7, 13, 241
Suppose 396 = 4*c - 748. Suppose c + 234 = 5*q. Suppose -6*a + 4*a + q = 0. What are the prime factors of a?
2, 13
Suppose 6*k - 4*k - 5*x = 5965, 5*k = 2*x + 14902. Suppose -371*w - k = -376*w. List the prime factors of w.
2, 149
What are the prime factors of (8/(-6))/((-2)/4464)?
2, 3, 31
Suppose 4*z = -z + 195. Let k = z + -35. Suppose -k*y - v = -341, -v + 22 + 64 = y. What are the prime factors of y?
5, 17
Let b be -70*(-4 - (-948)/21). What are the prime factors of (9 + 0)/((-36)/b)?
2, 3, 5
Let j be 2/(4/90)*-7. Let z = j - -644. What are the prime factors of z?
7, 47
Let x(y) = y + 1584. Let d be x(0). Let q = -1026 + d. Suppose 0 = 10*n - q - 822. What are the prime factors of n?
2, 3, 23
Let h = 877 + -162. Suppose 5*s = -l + 374 + 498, -4*s + 5*l = -h. What are the prime factors of s?
5, 7
Suppose 0 = -14*o - 4 + 4. Suppose o = -b + 2*s - 1, -2*b - s - 2 = -0. List the prime factors of (-735)/42*(-5 - b).
2, 5, 7
Suppose 0 = 47*m + 1092033 - 4013412. What are the prime factors of m?
3, 20719
Suppose -5*q + 17 = 7, 0 = 2*t - 3*q - 286. Suppose -43 + 16 = -9*i. Suppose t = i*z + a - 158, 5*a - 387 = -4*z. List the prime factors of z.
103
Suppose -4*k = 3*j + 345, j = -4*k - 234 - 121. Let q = k + 90. Suppose q = 4*n - 0*n - 3*r - 572, 4*n = -2*r + 552. What are the prime factors of n?
2, 5, 7
Let r = -2241 - -3029. List the prime factors of r.
2, 197
Let l(k) = 3*k**2 + 7. Suppose q + 5 + 3 = 0. Let t = q + 4. What are the prime factors of l(t)?
5, 11
Suppose c + 89 = 2*w - 7*w, -4*w = -c + 73. Let v = 21 + w. Suppose -3*a + v = 5*l - 3, a - 9 = -4*l. What are the prime factors of l?
3
Let g be (-1)/(-2) + 6987/(-6). Let c be (-2)/(-7) - g/42. Suppose -422 - c = -9*y. List the prime factors of y.
2, 5
Let v be (2/2)/(-4 + 3) + 1. List the prime factors of (-858)/(-2) - 0/(v + 2).
3, 11, 13
Let u(p) = 12*p**2 - 49*p - 402. List the prime factors of u(-24).
2, 3, 7, 61
Suppose 0 = v + 4*v - 2*h, 0 = -3*v - 4*h + 26. Suppose -4*b - w = -2517, -63*w + 67*w = v*b - 1236. What are the prime factors of b?
2, 157
Suppose -62*i - 348225 + 23167 = -3378434. List the prime factors of i.
2, 3, 19
Suppose 3*i - 2*s = -i - 866, 3*i + 2*s + 660 = 0. Let v = 332 - i. What are the prime factors of v?
2, 5, 11
Let h(z) = -4*z**3 - 11*z**2 + 6*z - 4. Suppose -8 = -x - 3*u - 0, -x + 4*u = 6. Suppose m - 6*m = x*v + 15, -m - 5*v = -20. What are the prime factors of h(m)?
191
Let q = -261 + 637. Let j = q - -1055. What are the prime factors of j?
3, 53
Let g(k) = 8658*k**2 - 10*k - 2. List the prime factors of g(1).
2, 3, 11, 131
Suppose 2*t - 3*r - 48 = 0, -2*r = 2*t - 7*t + 120. Suppose -t*b - 9*b = -19404. What are the prime factors of b?
2, 3, 7
Let o be -4 - (1 + 18)